st derivative of o(y). Does 10 divide k(-6)?
False
Suppose 5*x + 9 = 49. Suppose -3*i + 47 = x. Is 4 a factor of i?
False
Let p = -269 - -385. Does 9 divide p?
False
Let c(g) = g**2 + 12*g - 13. Suppose w - 13 = 2*w. Let r be c(w). Suppose 0*b - b + 42 = r. Does 17 divide b?
False
Let f(c) = c**3 + 8*c**2 - 6*c - 7. Let l be f(-7). Let o = 138 - l. Does 27 divide o?
True
Suppose -4*t - 1 + 5 = -4*s, 2*t - 9 = -5*s. Suppose -b + t*b + 20 = 0. Is ((-48)/10)/(6/b) a multiple of 7?
False
Suppose 0 = 2*r + 3*r - 100. Is r a multiple of 4?
True
Does 65 divide (-10)/35 - 1828/(-28)?
True
Let v = -21 - -37. Is v a multiple of 7?
False
Let o(w) = -w**2 + 9*w + 13. Let k be o(10). Suppose k*c + 3*c - 528 = 0. Is 20 a factor of c?
False
Let s(t) = -t**2 + 6*t + 9. Let w be s(7). Suppose -3*b = -w*f - 102, b - 44 = 5*f - f. Is b a multiple of 16?
True
Suppose 3*a = a + 10. Let m(i) = i**3 - 5*i**2 + 3*i + 10. Is 7 a factor of m(a)?
False
Suppose -3*v = -59 - 31. Is 10 a factor of v?
True
Is 110 - ((-8)/20 + 6/(-10)) a multiple of 23?
False
Suppose -2*s + 5*z = -35, -5*s + 3*z + 32 = -46. Does 7 divide 6/s - 53/(-5)?
False
Let c(r) = r**3 - 10*r**2 + 7*r - 12. Is c(10) a multiple of 29?
True
Let r(l) = -l**3 + 6*l**2 - l + 4. Let x = 2 - -2. Let u be r(x). Suppose -b = -0*b - u. Is b a multiple of 16?
True
Let d = 5 - 2. Suppose -3*r = -2*q - 22, -4*q - 12 = r - d*r. Is 8 a factor of r?
True
Suppose 3*k + 2*k = 420. Suppose 6*w - k = 4*w. Is w a multiple of 11?
False
Let l(q) = q**2 + 6*q - 2. Does 3 divide l(-7)?
False
Let f(r) = -7*r - 3. Does 16 divide f(-6)?
False
Let p be -3*1 + 3 + 2. Is 14 a factor of (p/4)/((-4)/(-224))?
True
Let a(r) = -r**2 + 8*r - 9. Let u be (-7)/(-2)*(-24)/(-14). Let n be a(u). Is -8*(n + -4) - 1 a multiple of 7?
True
Let a(k) = 21*k**3 + 4*k**2 - 4*k. Is a(2) a multiple of 13?
False
Let p = 98 + -51. Let v = -21 + p. Suppose l + 0*n = 5*n + v, 5*l - 70 = -5*n. Does 10 divide l?
False
Let l be ((-3)/(-6))/(1/(-2)). Is l/(3/(-6)) - -13 a multiple of 8?
False
Let t = 158 - 90. Is 16 a factor of t?
False
Let a be 4/(0 + -3 - -1). Let z = -18 + a. Let h = 61 + z. Is h a multiple of 11?
False
Let o(u) = u**3 + 15*u**2 + 10. Is 2 a factor of o(-15)?
True
Let x be ((-18)/8)/(1/4). Let p(d) = d**3 + 8*d**2 - 10*d - 8. Let f be p(x). Let o = 9 - f. Does 4 divide o?
True
Suppose -5*t = -l - 51, -4*t - t = 5*l - 45. Let z be 122/t - 1/5. Let b = 2 + z. Does 7 divide b?
True
Suppose 3*h + 2*q + 100 = 6*h, h = -4*q + 10. Is 24 a factor of h?
False
Let m(w) = 4*w**3 - 3*w**2 - w - 1. Let b be m(-2). Let i = b + 63. Does 10 divide i?
True
Let q be (-88)/12 + 2/6. Let y = -1 - q. Let k(m) = m**3 - 7*m**2 + 7*m. Does 4 divide k(y)?
False
Let d(t) = -t**3 - 3*t**2 - 2*t + 2. Suppose 0 = -4*b + 4*s + 20, 0 = 5*b - s - 11 - 2. Suppose -6*m + b*m = 16. Is d(m) a multiple of 13?
True
Let c(v) = -v**3 - 4*v**2 - 5*v - 2. Let z be c(-3). Suppose 0 = -h - z + 31. Does 9 divide h?
True
Suppose n = -6 - 3. Is 11 a factor of ((-15)/n + -2)*-33?
True
Let v(j) be the third derivative of j**5/30 - j**4/6 + j**3/6 - 2*j**2. Let h be v(3). Suppose -h*u + 4*u = -15. Is u a multiple of 2?
False
Let y(x) = -54*x**2 - 5*x + 2. Let g(d) = 27*d**2 + 2*d - 1. Let i(p) = 5*g(p) + 2*y(p). Let z = 2 + -1. Does 13 divide i(z)?
True
Suppose -2*z = 4*q - 20, 4*q - 5*z - 4 = 16. Let o(r) = 2*r**2 + 2*r + 7. Is o(q) a multiple of 28?
False
Let z(d) = -28*d**3 - 2*d**2 - d. Let b be -1 - -2 - (-1 - -3). Is 13 a factor of z(b)?
False
Let c(p) = -6*p**2 - 12*p + 2. Let t = -7 + 2. Let b(a) = -7*a**2 - 13*a + 2. Let i(u) = t*b(u) + 6*c(u). Does 4 divide i(-6)?
True
Is ((-186)/(-12))/(((-3)/(-6))/1) a multiple of 22?
False
Let k be (-1)/(1*(-3)/(-15)). Let i(b) = b**2 + 3*b + 5. Does 10 divide i(k)?
False
Let m(w) = -w**2 + 4*w + 1. Let j be m(3). Suppose 2*x = -j*r + 22, -2*x - 5*r + 12 = -12. Is x a multiple of 3?
False
Let v(q) = 6*q - 16. Is v(7) a multiple of 13?
True
Suppose 0 = 3*j + 5*p - 10*p - 139, -2*j - 3*p = -99. Does 16 divide j?
True
Let y be 2 + (15 - 1)*1. Suppose -s + 29 = s + 3*o, o = 3*s - y. Is s a multiple of 3?
False
Let n be 176/4 - (-1 + -1). Suppose -5*m + 3*x = -57, -3*x = 3*m - n + 7. Is m a multiple of 5?
False
Suppose 5*r - 1 = 9. Suppose -f - r*f = -48. Does 5 divide f?
False
Suppose -5*v - 12 = -42. Is 2 a factor of v?
True
Suppose 0 = 2*a + 4*b + 24, 0*a + 5*b - 9 = 4*a. Let w = 16 + a. Is w a multiple of 4?
False
Let b = -1 - -4. Suppose d + b*d = 8. Is d a multiple of 2?
True
Suppose 0 = -2*i + 1 - 7. Is 18 a factor of (-204)/i + 6/(-2)?
False
Suppose -12 = -5*j + 13. Suppose 3*q + 2*q = -4*w + 20, 3*q = w - j. Is 4 a factor of w?
False
Suppose -2*s = p - 283, 3*p + s - 358 = 481. Is 31 a factor of p?
True
Let f be (4/(-8))/(5/(-30)). Is (12/(-3))/(f/(-24)) a multiple of 16?
True
Let g = -235 + 434. Is g a multiple of 45?
False
Is 2 a factor of ((-12)/(-15))/(4/10)?
True
Let b = 92 + -164. Is (-16)/b - 133/(-9) a multiple of 15?
True
Let c = -13 - -7. Let q(l) = l**3 + 4*l**2 + 3*l - 2. Let k be q(-3). Is 21 a factor of 57 + c - (k - 0)?
False
Let y(p) = p**3 + 2*p**2 - 2*p - 2. Let n be y(-2). Suppose 4*m - 19 = 2*k - m, 69 = -n*k - 5*m. Let f = 45 + k. Is f a multiple of 9?
False
Let g = -16 + -28. Let l = g - -62. Is 7 a factor of l?
False
Let s be 1/3 + (-32)/6. Let u(h) = -11*h - 11. Is u(s) a multiple of 20?
False
Suppose -12*c + 5*c = -882. Is c a multiple of 42?
True
Is 21 a factor of (-376)/(-6) + (-5)/(-15)?
True
Suppose -s - 3*s + 171 = -f, -180 = -4*s + 4*f. Let t = -22 + s. Let d = t - 9. Is d a multiple of 9?
False
Let a = 2 - -9. Let y = a - -2. Does 5 divide y?
False
Suppose 41 - 6 = 5*v + 5*c, -5*v + 32 = 2*c. Is 3 a factor of v?
True
Let w = -32 - -49. Suppose -w = -3*k - 59. Let b = 22 + k. Is b a multiple of 4?
True
Let a = -3 + 5. Is 15 a factor of 9*((-60)/(-9))/a?
True
Suppose -5*u - 5*j = -160, -4*u + 3*j - 30 = -5*u. Is 12 a factor of u?
False
Suppose -u - 11 = -4*u + 2*t, 0 = u - 2*t - 5. Suppose u*s = 63 + 39. Does 12 divide s?
False
Is 19 a factor of (3 + 75)*2/6?
False
Suppose 19 = 5*g - 3*b - 35, 5*b + 15 = 0. Suppose 3*k + 2*i = g, -4*k + i - 2*i = -17. Suppose 4*d = 4*v + 76, 0*d + k*v - 73 = -2*d. Is d a multiple of 9?
False
Is 15 a factor of ((-30)/(-8))/((-6)/(-112))?
False
Let r(v) = -v**2 - 17*v - 5. Is r(-7) a multiple of 13?
True
Let v(f) = f**2 - 5*f + 2. Let l be v(5). Suppose l*o - 7*o = 155. Let n = o + 43. Is n a multiple of 12?
True
Suppose 0 = -7*s + 3*s - 216. Let o = -35 - s. Does 19 divide o?
True
Let k(j) be the second derivative of j**3/3 - 3*j**2/2 + 4*j. Is 7 a factor of k(5)?
True
Let s be 12*(1 - (-3)/(-9)). Let a = 6 - s. Does 3 divide ((-4)/(-5))/(a/(-15))?
True
Let o = -204 + 290. Let j = -50 + o. Is j a multiple of 8?
False
Let w be (-21)/(-6)*-4 + 0. Let s = 38 + w. Is s a multiple of 12?
True
Suppose 0 = -h - 4*d + 126, -h + 6*h = -5*d + 570. Does 34 divide h?
False
Let f be 3 + (-5)/((-10)/(-4)). Is 3 a factor of -1 + 0 + (f - -6)?
True
Suppose 147 = 2*q - 5*a, -3*q - 38 = -4*a - 255. Let n = q - 26. Let o = n - 22. Is 16 a factor of o?
False
Let m(o) be the first derivative of o**2 - 2*o - 4. Suppose 0 = 3*w + 3*c - 30, 3*c + 8 = 2*w + 2*c. Is m(w) a multiple of 5?
True
Let s = -11 - -28. Suppose 7 + s = 2*m. Is 12 a factor of m?
True
Let v be (-3)/1 - (5 + -11). Is 16*v*(-3)/(-18) a multiple of 4?
True
Is 39 a factor of -1 + 0 + 154 + 2?
False
Suppose 2 = -2*w + 8. Suppose -5*a + w*a + 102 = 0. Is 15 a factor of a?
False
Let g(r) = r**2 - 5*r. Let y = -6 - -11. Let t be g(y). Suppose t*q = -5*q + 150. Is 15 a factor of q?
True
Suppose 0*o - d - 380 = -5*o, -2*o + 3*d = -152. Let c(s) = -s**2 + 12*s - 1. Let f be c(8). Let t = o - f. Is t a multiple of 17?
False
Is 14 a factor of (48/(-9) - -5)*-582?
False
Let v = -18 + 26. Is 5 a factor of v?
False
Let n be 4/10 - (-282)/(-5). Let f = -22 - n. Does 14 divide f?
False
Suppose 4*j + 4*z - 28 = 0, 0 = 3*j + 2*z - 12 - 5. Suppose 5*a - 3*h = 15, j*a + 2*h = -a + 12. Is 2 a factor of a?
False
Let u(n) = 2*n**2 + 25*n + 61. Does 16 divide u(-18)?
False
Suppose 0 = -m + 3*m - 8. Suppose 4*p - 5*t = 215, -p = m*t - 40 + 2. Is p a multiple of 13?
False
Let y(f) = f**3 + f**2 - 5*f + 7. Is y(2) a multiple of 9?
True
Suppose 17 = 3*o + 2